{"id":34,"date":"2016-09-02T22:14:30","date_gmt":"2016-09-02T20:14:30","guid":{"rendered":"https:\/\/cadr.redemptor.pl\/brzegi\/?page_id=34"},"modified":"2026-01-14T21:13:20","modified_gmt":"2026-01-14T20:13:20","slug":"dojazd","status":"publish","type":"page","link":"https:\/\/cadr.redemptor.pl\/brzegi\/dojazd\/","title":{"rendered":"Dojazd"},"content":{"rendered":"<p class=\"p1\"><b>Jak do nas dojecha\u0107?<\/b><\/p>\n<p class=\"p3\"><b>Dojazd do Brzeg\u00f3w \u2013 Polana Rynias samochodem<\/b><\/p>\n<p class=\"p4\">Na polan\u0119 Rynias, gdzie znajduje si\u0119 o\u015brodek rekolekcyjnym mo\u017cna dojecha\u0107 samochodem osobowym. Nale\u017cy jednak uwa\u017ca\u0107, je\u017celi samoch\u00f3d posiada niskie zawieszenie. Czasami jest konieczne, aby w miejscach, gdzie droga jest wy\u017c\u0142obiona przez wod\u0119 pasa\u017cerowie wysiedli, aby podwozie nie zaczepia\u0142o o kamienie na drodze.<\/p>\n<p class=\"p4\"><a href=\"https:\/\/goo.gl\/maps\/WGqVfFgheb92\" target=\"_blank\" rel=\"noopener\">Mapa dojazdu&gt;&gt;&gt;<\/a><\/p>\n<p><b>Dojazd samochodem z Nowego Targu\u00a0<\/b><\/p>\n<p class=\"p4\">Z Nowego Targu trzeba kierowa\u0107 si\u0119 drog\u0105 w kierunku Nowego S\u0105cza \u00a0i Jurgowa. Na rondzie (ko\u0142o sklepu Biedronka) nale\u017cy skr\u0119ci\u0107 w prawo w kierunku Bia\u0142ki Tatrza\u0144skiej.<\/p>\n<p class=\"p4\">Po przejechaniu Bia\u0142ki Tatrza\u0144skiej nale\u017cy skr\u0119ci\u0107 na rondzie w Bukowinie Tatrza\u0144skiej w lewo w kierunku Jugowa, przejecha\u0107 rzek\u0119 Bia\u0142k\u0119. Nast\u0119pnie skr\u0119ci\u0107 w prawo na Jurg\u00f3w, a nast\u0119pnie na Brzegi.<\/p>\n<p class=\"p4\">Po przejechaniu kolejnego mostu na rzece Bia\u0142ce za ok. 500 m po lewej stronie b\u0119dzie droga prowadz\u0105ca na Rynias (znak ul. Rynias).<\/p>\n<p class=\"p4\">Nale\u017cy skr\u0119ci\u0107 w lewo i jecha\u0107 ok. 3 kilometry g\u00f3rsk\u0105 drog\u0105 (bez asfaltu) a\u017c do pojawienia si\u0119 zabudowa\u0144. Na polanie Rynias skr\u0119camy w <strong>drug\u0105 drog\u0119<\/strong>, kt\u00f3ra prowadzi w g\u0142\u0105b polany. Parking dla samochod\u00f3w znajduje si\u0119 na polanie gdzie jest kapliczka z Chrystusem frasobliwym.<\/p>\n<p class=\"p4\"><b>Wariant 2:\u00a0<\/b><\/p>\n<p class=\"p4\">Z Nowego Targu trzeba kierowa\u0107 si\u0119 na Zakopane. W Poroninie przed mostem nale\u017cy skr\u0119ci\u0107 w lewo w kierunku Bia\u0142ki Tatrza\u0144skiej (na przeje\u017adzie kolejowym).<\/p>\n<p class=\"p4\">Na rondzie w Bia\u0142ce Tatrza\u0144skiej (tzw. Klin) nale\u017cy jecha\u0107 prosto w kierunku \u0141ysej Polany. Po oko\u0142o 1 km od ronda nale\u017cy kr\u0119ci\u0107 w lewo (znak Brzegi). Trzeba przejecha\u0107 prawie ca\u0142\u0105 wiosk\u0119 Brzegi a\u017c do samego do\u0142u. Za ostatnim przystankiem autobusowym \u2013 Brzegi Dolne nale\u017cy skr\u0119ci\u0107 w pierwsz\u0105 drog\u0119 w prawo (znak ul. Rynias).<\/p>\n<p class=\"p4\">Nale\u017cy skr\u0119ci\u0107 w prawo i jecha\u0107 ok. 3 kilometry g\u00f3rsk\u0105 drog\u0105 (bez asfalt) a\u017c do pojawienia si\u0119 zabudowa\u0144. Na polanie Rynias skr\u0119camy w drug\u0105 drog\u0119, kt\u00f3ra prowadzi w g\u0142\u0105b polany. Parking dla samochod\u00f3w znajduje si\u0119 na polanie gdzie jest kapliczka z Chrystusem frasobliwym.<\/p>\n<p class=\"p2\"><b>Dojazd do Brzeg\u00f3w autobusem<\/b><\/p>\n<p><strong>Dojazd z Krakowa <span style=\"color: #993300\">(zalecany, najprostsze po\u0142\u0105czenie z Krakowa)<\/span><\/strong><\/p>\n<p>Z Dworca Autobusowego lini\u0105 Szwagropolu, kt\u00f3ra jedzie do Bukowiny Tatrza\u0144skiej. Przystanek: Bukowina Tatrza\u0144ska Dolna (obok dolnego ronda) lub Bukowina Tatrza\u0144ska Klin. Nast\u0119pnie busem do Brzeg\u00f3w, przystanek Brzegi Skrzy\u017cowanie. Uwaga: Z Krakowa jest tylko 5 kurs\u00f3w t\u0105 tras\u0105. Rozk\u0142ad jazdy na stronie przewo\u017anika: <a href=\"https:\/\/www.szwagropol.pl\/\" target=\"_blank\" rel=\"noopener\">Szwagropol<\/a><\/p>\n<p class=\"p4\"><b>Dojazd z Nowego Targu\u00a0 <span style=\"color: #993300\">(zalecany, omijami korki na trasie do Zakopanego)<\/span><\/b><\/p>\n<p>Z dworca autobusowego w Nowym Targu busem do miejscowo\u015bci Brzegi. Przystanek Brzegi Skrzy\u017cowanie (obs\u0142uguje firma <a href=\"http:\/\/rabkabus.pl\/\" target=\"_blank\" rel=\"noopener\">Strama Kaja-Bus<\/a>) . Dalej na piechot\u0119 utwardzon\u0105 drog\u0105 (opis zobacz ni\u017cej).<\/p>\n<p class=\"p4\"><b>Dojazd z Zakopanego. Wariant 1\u00a0<\/b><\/p>\n<p class=\"p4\">PKS Zakopane \u2013 Brzegi, przystanek Brzegi Skrzy\u017cowanie (obs\u0142uguje firma <a href=\"http:\/\/szosmig.pl\/index.html\" target=\"_blank\" rel=\"noopener\">Szos &#8211; Mig<\/a>)<\/p>\n<p class=\"p4\"><b>Dojazd z Zakopanego. Wariant 2<\/b><\/p>\n<p class=\"p4\">PKS Zakopane \u2013 Jurg\u00f3w \/ostatni przystanek\/.\u00a0St\u0105d drog\u0105 asfaltow\u0105 w stron\u0119 Brzeg\u00f3w.\u00a0 W\u00a0Dolnych Brzegach wej\u015bcie na bit\u0105 drog\u0119 w kierunku Polany Rynias. \/Pierwsza\u00a0 za zakr\u0119tem po przej\u015bciu mostu na Bia\u0142ce,\u00a0 nast\u0119pna po\u00a0 asfaltowej\/.<\/p>\n<p class=\"p2\"><b>Doj\u015bcie pieszo do Brzeg\u00f3w \u2013 Polana \u00a0Rynias<\/b><\/p>\n<p class=\"p4\">We wsi Brzegi (Brzegi Dolne) nale\u017cy wej\u015b\u0107 na poln\u0105 (utwardzon\u0105) drog\u0119 na Rynias (zob. znak ul. Rynias). \u00a0Jest to jedyna utwardzona droga, kt\u00f3ra odr\u00f3\u017cnia si\u0119 od polnych i\u00a0 le\u015bnych dr\u00f3g, \u017ce trudno z niej zboczy\u0107.Droga ta biegnie w g\u00f3r\u0119 przez pola, potem przez las. Jest na tyle wyr\u00f3\u017cniaj\u0105ca si\u0119 od innych bocznych. Czas doj\u015bcia do o\u015brodka to ok. 40 min.<\/p>\n<p class=\"p4\">Osoby maj\u0105ce trudno\u015bci z chodzeniem w g\u00f3rach winny to zg\u0142osi\u0107 w formularzu zg\u0142osze\u0144. Dla nich zostanie zorganizowany transport.<\/p>\n<p class=\"p4\">Odradza si\u0119 eksperymentowanie innych tras i w\u0119dr\u00f3wk\u0119 p\u00f3\u017anym wieczorem lub noc\u0105, ze wzgl\u0119du na\u00a0 mo\u017cliwe spotkanie na drodze mieszka\u0144ca Tatr,\u00a0 nied\u017awiedzia brunatnego.<\/p>\n<p class=\"p4\">W czasie rekolekcji, zazwyczaj planowane jest jedno nieobowi\u0105zkowe\u00a0 wyj\u015bcie w g\u00f3ry. Warto zabra\u0107 odpowiednie buty, sweter i co\u015b przeciwdeszczowego.<\/p>\n<p class=\"p4\">W razie problem\u00f3w w dotarciu na miejsce, prosimy o kontakt z O\u015brodkiem: tel. kom.\u00a0 <strong>728 705 470<\/strong> lub <strong>572 136 887<\/strong> .<\/p>\n<p class=\"p2\"><b>Baga\u017c<\/b><\/p>\n<p class=\"p4\">Je\u015bli baga\u017c jest wi\u0119kszy i trudny do niesienia,\u00a0 zostawiamy\u00a0 go u gospodarzy o\u00a0 nazwisku Babiarz, nr domu 143,\u00a0 w\u00a0 Brzegach Dolnych (obok przystanku autobusowego Brzegi Skrzy\u017cowanie); \u00a0mieszkaj\u0105\u00a0 ok. 300 m. powy\u017cej\u00a0 drogi na Rynias.\u00a0 Nie zostawia\u0107 baga\u017cu w innych miejscach. Baga\u017c zostanie dowieziony do O\u015brodka przed rozpocz\u0119ciem rekolekcji. M\u0142odych zach\u0119ca si\u0119 do w\u0119drowania z plecakiem.<\/p>\n<p class=\"p4\">U wspomnianych gazd\u00f3w mo\u017cna pozostawi\u0107 tak\u017ce samoch\u00f3d, o ile b\u0119d\u0105 mieli miejsce przy domu, ale nale\u017cy to z nimi\u00a0 uzgodni\u0107, tak\u017ce cen\u0119 za post\u00f3j.<\/p>\n","protected":false},"excerpt":{"rendered":"<p>Jak do nas dojecha\u0107? Dojazd do Brzeg\u00f3w \u2013 Polana Rynias samochodem Na polan\u0119 Rynias, gdzie znajduje si\u0119 o\u015brodek rekolekcyjnym mo\u017cna dojecha\u0107 samochodem osobowym. Nale\u017cy jednak uwa\u017ca\u0107, je\u017celi samoch\u00f3d posiada niskie &hellip; <\/p>\n<p class=\"link-more\"><a href=\"https:\/\/cadr.redemptor.pl\/brzegi\/dojazd\/\" class=\"more-link\">Czytaj dalej<span class=\"screen-reader-text\"> \u201eDojazd\u201d<\/span><\/a><\/p>\n","protected":false},"author":1,"featured_media":0,"parent":0,"menu_order":0,"comment_status":"closed","ping_status":"closed","template":"","meta":{"_EventAllDay":false,"_EventTimezone":"","_EventStartDate":"","_EventEndDate":"","_EventStartDateUTC":"","_EventEndDateUTC":"","_EventShowMap":false,"_EventShowMapLink":false,"_EventURL":"","_EventCost":"","_EventCostDescription":"","_EventCurrencySymbol":"","_EventCurrencyCode":"","_EventCurrencyPosition":"","_EventDateTimeSeparator":"","_EventTimeRangeSeparator":"","_EventOrganizerID":[],"_EventVenueID":[],"_OrganizerEmail":"","_OrganizerPhone":"","_OrganizerWebsite":"","_VenueAddress":"","_VenueCity":"","_VenueCountry":"","_VenueProvince":"","_VenueState":"","_VenueZip":"","_VenuePhone":"","_VenueURL":"","_VenueStateProvince":"","_VenueLat":"","_VenueLng":"","_VenueShowMap":false,"_VenueShowMapLink":false,"_themeisle_gutenberg_block_has_review":false,"jetpack_post_was_ever_published":false,"footnotes":""},"class_list":["post-34","page","type-page","status-publish","hentry"],"yoast_head":"<!-- This site is optimized with the Yoast SEO plugin v27.4 - https:\/\/yoast.com\/product\/yoast-seo-wordpress\/ -->\n<title>Dojazd - CADR Brzegi<\/title>\n<meta name=\"robots\" content=\"index, follow, max-snippet:-1, max-image-preview:large, max-video-preview:-1\" \/>\n<link rel=\"canonical\" href=\"https:\/\/cadr.redemptor.pl\/brzegi\/dojazd\/\" \/>\n<meta property=\"og:locale\" content=\"pl_PL\" \/>\n<meta property=\"og:type\" content=\"article\" \/>\n<meta property=\"og:title\" content=\"Dojazd - CADR Brzegi\" \/>\n<meta property=\"og:description\" content=\"Jak do nas dojecha\u0107? Dojazd do Brzeg\u00f3w \u2013 Polana Rynias samochodem Na polan\u0119 Rynias, gdzie znajduje si\u0119 o\u015brodek rekolekcyjnym mo\u017cna dojecha\u0107 samochodem osobowym. Nale\u017cy jednak uwa\u017ca\u0107, je\u017celi samoch\u00f3d posiada niskie &hellip; Czytaj dalej \u201eDojazd\u201d\" \/>\n<meta property=\"og:url\" content=\"https:\/\/cadr.redemptor.pl\/brzegi\/dojazd\/\" \/>\n<meta property=\"og:site_name\" content=\"CADR Brzegi\" \/>\n<meta property=\"article:modified_time\" content=\"2026-01-14T20:13:20+00:00\" \/>\n<meta name=\"twitter:card\" content=\"summary_large_image\" \/>\n<meta name=\"twitter:label1\" content=\"Szacowany czas czytania\" \/>\n\t<meta name=\"twitter:data1\" content=\"5 minut\" \/>\n<script type=\"application\/ld+json\" class=\"yoast-schema-graph\">{\"@context\":\"https:\\\/\\\/schema.org\",\"@graph\":[{\"@type\":\"WebPage\",\"@id\":\"https:\\\/\\\/cadr.redemptor.pl\\\/brzegi\\\/dojazd\\\/\",\"url\":\"https:\\\/\\\/cadr.redemptor.pl\\\/brzegi\\\/dojazd\\\/\",\"name\":\"Dojazd - CADR Brzegi\",\"isPartOf\":{\"@id\":\"https:\\\/\\\/cadr.redemptor.pl\\\/brzegi\\\/#website\"},\"datePublished\":\"2016-09-02T20:14:30+00:00\",\"dateModified\":\"2026-01-14T20:13:20+00:00\",\"breadcrumb\":{\"@id\":\"https:\\\/\\\/cadr.redemptor.pl\\\/brzegi\\\/dojazd\\\/#breadcrumb\"},\"inLanguage\":\"pl-PL\",\"potentialAction\":[{\"@type\":\"ReadAction\",\"target\":[\"https:\\\/\\\/cadr.redemptor.pl\\\/brzegi\\\/dojazd\\\/\"]}]},{\"@type\":\"BreadcrumbList\",\"@id\":\"https:\\\/\\\/cadr.redemptor.pl\\\/brzegi\\\/dojazd\\\/#breadcrumb\",\"itemListElement\":[{\"@type\":\"ListItem\",\"position\":1,\"name\":\"Strona g\u0142\u00f3wna\",\"item\":\"https:\\\/\\\/cadr.redemptor.pl\\\/brzegi\\\/\"},{\"@type\":\"ListItem\",\"position\":2,\"name\":\"Dojazd\"}]},{\"@type\":\"WebSite\",\"@id\":\"https:\\\/\\\/cadr.redemptor.pl\\\/brzegi\\\/#website\",\"url\":\"https:\\\/\\\/cadr.redemptor.pl\\\/brzegi\\\/\",\"name\":\"CADR Brzegi\",\"description\":\"O\u015brodek Rekolekcyjny Matki Bo\u017cej z G\u00f3r\",\"potentialAction\":[{\"@type\":\"SearchAction\",\"target\":{\"@type\":\"EntryPoint\",\"urlTemplate\":\"https:\\\/\\\/cadr.redemptor.pl\\\/brzegi\\\/?s={search_term_string}\"},\"query-input\":{\"@type\":\"PropertyValueSpecification\",\"valueRequired\":true,\"valueName\":\"search_term_string\"}}],\"inLanguage\":\"pl-PL\"}]}<\/script>\n<!-- \/ Yoast SEO plugin. -->","yoast_head_json":{"title":"Dojazd - CADR Brzegi","robots":{"index":"index","follow":"follow","max-snippet":"max-snippet:-1","max-image-preview":"max-image-preview:large","max-video-preview":"max-video-preview:-1"},"canonical":"https:\/\/cadr.redemptor.pl\/brzegi\/dojazd\/","og_locale":"pl_PL","og_type":"article","og_title":"Dojazd - CADR Brzegi","og_description":"Jak do nas dojecha\u0107? Dojazd do Brzeg\u00f3w \u2013 Polana Rynias samochodem Na polan\u0119 Rynias, gdzie znajduje si\u0119 o\u015brodek rekolekcyjnym mo\u017cna dojecha\u0107 samochodem osobowym. Nale\u017cy jednak uwa\u017ca\u0107, je\u017celi samoch\u00f3d posiada niskie &hellip; Czytaj dalej \u201eDojazd\u201d","og_url":"https:\/\/cadr.redemptor.pl\/brzegi\/dojazd\/","og_site_name":"CADR Brzegi","article_modified_time":"2026-01-14T20:13:20+00:00","twitter_card":"summary_large_image","twitter_misc":{"Szacowany czas czytania":"5 minut"},"schema":{"@context":"https:\/\/schema.org","@graph":[{"@type":"WebPage","@id":"https:\/\/cadr.redemptor.pl\/brzegi\/dojazd\/","url":"https:\/\/cadr.redemptor.pl\/brzegi\/dojazd\/","name":"Dojazd - CADR Brzegi","isPartOf":{"@id":"https:\/\/cadr.redemptor.pl\/brzegi\/#website"},"datePublished":"2016-09-02T20:14:30+00:00","dateModified":"2026-01-14T20:13:20+00:00","breadcrumb":{"@id":"https:\/\/cadr.redemptor.pl\/brzegi\/dojazd\/#breadcrumb"},"inLanguage":"pl-PL","potentialAction":[{"@type":"ReadAction","target":["https:\/\/cadr.redemptor.pl\/brzegi\/dojazd\/"]}]},{"@type":"BreadcrumbList","@id":"https:\/\/cadr.redemptor.pl\/brzegi\/dojazd\/#breadcrumb","itemListElement":[{"@type":"ListItem","position":1,"name":"Strona g\u0142\u00f3wna","item":"https:\/\/cadr.redemptor.pl\/brzegi\/"},{"@type":"ListItem","position":2,"name":"Dojazd"}]},{"@type":"WebSite","@id":"https:\/\/cadr.redemptor.pl\/brzegi\/#website","url":"https:\/\/cadr.redemptor.pl\/brzegi\/","name":"CADR Brzegi","description":"O\u015brodek Rekolekcyjny Matki Bo\u017cej z G\u00f3r","potentialAction":[{"@type":"SearchAction","target":{"@type":"EntryPoint","urlTemplate":"https:\/\/cadr.redemptor.pl\/brzegi\/?s={search_term_string}"},"query-input":{"@type":"PropertyValueSpecification","valueRequired":true,"valueName":"search_term_string"}}],"inLanguage":"pl-PL"}]}},"jetpack_sharing_enabled":true,"jetpack_shortlink":"https:\/\/wp.me\/P7QzJJ-y","jetpack-related-posts":[{"id":29,"url":"https:\/\/cadr.redemptor.pl\/brzegi\/dla-ducha\/","url_meta":{"origin":34,"position":0},"title":"Dla ducha","author":"CADR","date":"2 wrze\u015bnia 2016","format":false,"excerpt":"Odpocz\u0105\u0107, to znaczy pocz\u0105\u0107 na nowo O\u015brodek Rekolekcyjny Matki Bo\u017cej z G\u00f3r na Ryniasie \u00a0jest miejscem\u00a0odpoczynku.\u00a0 Po\u0142o\u017cony jest w miejscowo\u015bci Brzegi ko\u0142o Bukowiny Tatrza\u0144skiej na g\u00f3rskiej polanie Rynias. Pi\u0119kno przyrody, panorama g\u00f3r i cisza, kt\u00f3rej nic nie zak\u0142\u00f3ca sprawia, \u017ce jest to miejsce gdzie mo\u017cna wyciszy\u0107 si\u0119 i w tej\u2026","rel":"","context":"Podobny wpis","block_context":{"text":"Podobny wpis","link":""},"img":{"alt_text":"","src":"https:\/\/i0.wp.com\/cadr.redemptor.pl\/brzegi\/wp-content\/uploads\/sites\/3\/2016\/09\/Panorama-2.jpg?resize=350%2C200","width":350,"height":200,"srcset":"https:\/\/i0.wp.com\/cadr.redemptor.pl\/brzegi\/wp-content\/uploads\/sites\/3\/2016\/09\/Panorama-2.jpg?resize=350%2C200 1x, https:\/\/i0.wp.com\/cadr.redemptor.pl\/brzegi\/wp-content\/uploads\/sites\/3\/2016\/09\/Panorama-2.jpg?resize=525%2C300 1.5x"},"classes":[]},{"id":459,"url":"https:\/\/cadr.redemptor.pl\/brzegi\/wiersze\/","url_meta":{"origin":34,"position":1},"title":"Wiersze","author":"CADR","date":"20 maja 2018","format":false,"excerpt":"Wielu uczestnik\u00f3w rekolekcji na Ryniasie do\u015bwiadczy\u0142o tutaj mocy dzia\u0142ania Boga.\u00a0 Jednymi z takich \u015bwiadectw s\u0105 wiersze, kt\u00f3re w spos\u00f3b prosty lecz g\u0142\u0119boki wyra\u017caj\u0105 to do\u015bwiadczenie. Maryja - Matka Bo\u017ca z g\u00f3r Mi\u0119dzy u\u015bmiechem nieba a cieniem Mi\u0119dzy dramatem a ukojeniem Na \u0142\u0105kach, drogach, tam gdzie zagrody Jest Ona, Matka, Kr\u00f3lowa\u2026","rel":"","context":"Podobny wpis","block_context":{"text":"Podobny wpis","link":""},"img":{"alt_text":"","src":"","width":0,"height":0},"classes":[]},{"id":622,"url":"https:\/\/cadr.redemptor.pl\/brzegi\/rodo-cadr-brzegi\/","url_meta":{"origin":34,"position":2},"title":"RODO CADR Brzegi","author":"CADR","date":"31 grudnia 2018","format":false,"excerpt":"Klauzula informacyjna dotycz\u0105ca przetwarzania danych Administratorem Pani\/Pana danych jest O\u015brodek Rekolekcyjny Warszawskiej Prowincji Zgromadzenia Naj\u015bwi\u0119tszego Odkupiciela z siedzib\u0105: Brzegi, ul. Rynias 2,3a; \u00a034-532 Jurg\u00f3w. Zebrane dane b\u0119d\u0105 przetwarzane do momentu wyga\u015bni\u0119cia podstawy prawnej przetwarzania z wy\u0142\u0105czeniem cel\u00f3w statystycznych, archiwalnych i zabezpieczenia przysz\u0142ych roszcze\u0144 administratora danych. Dost\u0119p do danych mog\u0105 mie\u0107\u2026","rel":"","context":"Podobny wpis","block_context":{"text":"Podobny wpis","link":""},"img":{"alt_text":"","src":"","width":0,"height":0},"classes":[]},{"id":518,"url":"https:\/\/cadr.redemptor.pl\/brzegi\/o-nas\/","url_meta":{"origin":34,"position":3},"title":"O Nas","author":"CADR","date":"3 wrze\u015bnia 2018","format":false,"excerpt":"Rekolekcje Miejsce na rekolekcje dla student\u00f3w na Ryniasie \u201eodkry\u0142\u201d w latach siedemdziesi\u0105tych S\u0142uga Bo\u017cy ks. Franciszek Blachnicki, kt\u00f3ry szuka\u0142 miejsca na duchowy odpoczynek dla studenckich grup ruchu \u015awiat\u0142o \u2013 \u017bycie. Pierwsze rekolekcje odby\u0142y si\u0119 tu w lipcu 1976 roku. Rekolekcje prowadzone by\u0142y w wynajmowanych pomieszczeniach dom\u00f3w rodzin Michalik\u00f3w, Flork\u00f3w, Chowa\u0144c\u00f3w\u2026","rel":"","context":"Podobny wpis","block_context":{"text":"Podobny wpis","link":""},"img":{"alt_text":"","src":"","width":0,"height":0},"classes":[]},{"id":2139,"url":"https:\/\/cadr.redemptor.pl\/brzegi\/regulamin-zapisow-na-rekolekcje\/","url_meta":{"origin":34,"position":4},"title":"REGULAMIN ZAPIS\u00d3W NA REKOLEKCJE","author":"CADR Brzegi-Rynias","date":"19 stycznia 2026","format":false,"excerpt":"\u00a71. Postanowienia og\u00f3lne 1. Niniejszy Regulamin okre\u015bla zasady zg\u0142osze\u0144 oraz warunki rezygnacji z udzia\u0142u w rekolekcjach organizowanych przez O\u015brodek Rekolekcyjny Matki Bo\u017cej z G\u00f3r na Ryniasie. 2. Dokonanie zg\u0142oszenia poprzez formularz oznacza zapoznanie si\u0119 z Regulaminem i jego akceptacj\u0119. \u00a72. Zg\u0142oszenie i rezerwacja 1. Zg\u0142oszenie udzia\u0142u w rekolekcjach nast\u0119puje poprzez\u2026","rel":"","context":"Podobny wpis","block_context":{"text":"Podobny wpis","link":""},"img":{"alt_text":"","src":"","width":0,"height":0},"classes":[]},{"id":6,"url":"https:\/\/cadr.redemptor.pl\/brzegi\/kontakt\/","url_meta":{"origin":34,"position":5},"title":"Kontakt","author":"CADR","date":"29 sierpnia 2016","format":false,"excerpt":"O\u015brodek Rekolekcyjny Matki Bo\u017cej z G\u00f3r Nasz adres O\u015brodek Rekolekcyjny Prowincji Warszawskiej Zgromadzenia Naj\u015bwi\u0119tszego Odkupiciela Brzegi \u2013 Rynias 2,3A; 34-532 Brzegi tel. kom.\u00a0 728 705 470 lub 572 136 887 e-mail: brzeryn23a@gmail.com Bank Pekao SA, Oddzia\u0142 w Krakowie; nr rachunku:\u00a055 1240 4445 1111 0010 5041 8483 Adres do korespondencji O\u015brodek\u2026","rel":"","context":"Podobny wpis","block_context":{"text":"Podobny wpis","link":""},"img":{"alt_text":"","src":"","width":0,"height":0},"classes":[]}],"_links":{"self":[{"href":"https:\/\/cadr.redemptor.pl\/brzegi\/wp-json\/wp\/v2\/pages\/34","targetHints":{"allow":["GET"]}}],"collection":[{"href":"https:\/\/cadr.redemptor.pl\/brzegi\/wp-json\/wp\/v2\/pages"}],"about":[{"href":"https:\/\/cadr.redemptor.pl\/brzegi\/wp-json\/wp\/v2\/types\/page"}],"author":[{"embeddable":true,"href":"https:\/\/cadr.redemptor.pl\/brzegi\/wp-json\/wp\/v2\/users\/1"}],"replies":[{"embeddable":true,"href":"https:\/\/cadr.redemptor.pl\/brzegi\/wp-json\/wp\/v2\/comments?post=34"}],"version-history":[{"count":14,"href":"https:\/\/cadr.redemptor.pl\/brzegi\/wp-json\/wp\/v2\/pages\/34\/revisions"}],"predecessor-version":[{"id":2130,"href":"https:\/\/cadr.redemptor.pl\/brzegi\/wp-json\/wp\/v2\/pages\/34\/revisions\/2130"}],"wp:attachment":[{"href":"https:\/\/cadr.redemptor.pl\/brzegi\/wp-json\/wp\/v2\/media?parent=34"}],"curies":[{"name":"wp","href":"https:\/\/api.w.org\/{rel}","templated":true}]}}