{"id":15,"date":"2016-08-29T22:51:43","date_gmt":"2016-08-29T20:51:43","guid":{"rendered":"https:\/\/cadr.redemptor.pl\/krakow\/?page_id=15"},"modified":"2016-08-29T22:51:43","modified_gmt":"2016-08-29T20:51:43","slug":"dom-rekolekcyjny","status":"publish","type":"page","link":"https:\/\/cadr.redemptor.pl\/krakow\/dom-rekolekcyjny\/","title":{"rendered":"Dom Rekolekcyjny"},"content":{"rendered":"<p class=\"p1\">Dom rekolekcyjny znajduje si\u0119 na terenie Sanktuarium Matki Bo\u017cej Nieustaj\u0105cej Pomocy w Krakowie &#8211; Podg\u00f3rzu. Blisko\u015b\u0107 sanktuarium maryjnego stanowi duchowe \u017ar\u00f3d\u0142o tego miejsca.<\/p>\n<p class=\"p1\">W o\u015brodku prowadzone s\u0105 rekolekcje organizowane przez Centrum Apostolstwa i Duchowo\u015bci Redemptoryst\u00f3w. Przyjmujemy tak\u017ce zorganizowane grupy. Zapewniamy opiek\u0119 duszpastersk\u0105 dla grup, kt\u00f3re nie maj\u0105 w\u0142asnego kap\u0142ana.<\/p>\n<p class=\"p1\">Zapraszamy r\u00f3wnie\u017c osoby indywidualne: ksi\u0119\u017cy, siostry zakonne i osoby \u015bwieckie, kt\u00f3re chc\u0105 prze\u017cy\u0107 dni odnowy duchowej. Zapewniamy towarzyszenie duchowe w czasie rekolekcji indywidualnych.<\/p>\n<p class=\"p1\">S\u0142u\u017cymy tak\u017ce pos\u0142ug\u0105 sta\u0142ego kierownictwa duchowego.<\/p>\n<p class=\"p1\">Na terenie domu rekolekcyjnego do dyspozycji go\u015bci jest osobna kaplica, ogr\u00f3d wewn\u0119trzny, wiata, boisko sportowe do pi\u0142ki siatkowej, wewn\u0119trzny parking dla samochod\u00f3w.<\/p>\n<p class=\"p1\">W bezpo\u015brednim s\u0105siedztwie domu rekolekcyjnego usytuowany jest Park im. Wojciecha Bednadskiego, gdzie mo\u017cna odnale\u017a\u0107 oaz\u0119 spokoju w sercu miasta. Ze wzgl\u0119du na swoje malownicze po\u0142o\u017cenie na Krzemionkach Podg\u00f3rskich, uwa\u017cany jest on za jeden z najbardziej malowniczych park\u00f3w Krakowa.<\/p>\n<p class=\"p1\">W odleg\u0142o\u015bci kilkuset metr\u00f3w przep\u0142ywa Wis\u0142a. Od strony domu rekolekcyjnego, na nadbrze\u017cu znajduj\u0105 si\u0119 Bulwary Wo\u0142y\u0144ski i Podolski, natomiast na lewym brzegu rzeki s\u0105 Bulwary Inflandzki i Kurlandzki.<\/p>\n<p class=\"p1\">Dom rekolekcyjny po\u0142o\u017cony jest w odleg\u0142o\u015bci 2 km od Sanktuarium Mi\u0142osierdzia Bo\u017cego w \u0141agiewenikach.<\/p>\n<p class=\"p1\"><strong>Dojazd:<\/strong><\/p>\n<p class=\"p1\">Z dworca PKP\/PKS tramwajem nr 10 i 19 (kierunek \u0141agiewniki). Nale\u017cy wysi\u0105\u015b\u0107 na przystanku &#8222;Smolki&#8221;. Z przystanku do domu rekolekcyjnego jest ok. 300 metr\u00f3w. Punktem orientacyjnym jest wie\u017ca Sanktuarium Matki Bo\u017cej Nieustaj\u0105cej Pomocy.<\/p>\n<p class=\"p1\">Do domu rekolekcyjnego mo\u017cna tak\u017ce dojecha\u0107 liniami tramwajowymi: 8, 23.<\/p>\n<p class=\"p1\">Jad\u0105c samochodem nale\u017cy kierowa\u0107 si\u0119 na Rondo Mateczny. Na rondzie trzeba skr\u0119ci\u0107 w ulic\u0119 Kalwaryjsk\u0105, p\u00f3\u017aniej skr\u0119ci\u0107 w ul. Smolki.<\/p>\n","protected":false},"excerpt":{"rendered":"<p>Dom rekolekcyjny znajduje si\u0119 na terenie Sanktuarium Matki Bo\u017cej Nieustaj\u0105cej Pomocy w Krakowie &#8211; Podg\u00f3rzu. Blisko\u015b\u0107 sanktuarium maryjnego stanowi duchowe \u017ar\u00f3d\u0142o tego miejsca. W o\u015brodku prowadzone s\u0105 rekolekcje organizowane przez &hellip; <a href=\"https:\/\/cadr.redemptor.pl\/krakow\/dom-rekolekcyjny\/\" class=\"more-link\">Czytaj dalej<span class=\"screen-reader-text\"> \u201eDom Rekolekcyjny\u201d<\/span><\/a><\/p>\n","protected":false},"author":1,"featured_media":0,"parent":0,"menu_order":0,"comment_status":"closed","ping_status":"closed","template":"","meta":{"_EventAllDay":false,"_EventTimezone":"","_EventStartDate":"","_EventEndDate":"","_EventStartDateUTC":"","_EventEndDateUTC":"","_EventShowMap":false,"_EventShowMapLink":false,"_EventURL":"","_EventCost":"","_EventCostDescription":"","_EventCurrencySymbol":"","_EventCurrencyCode":"","_EventCurrencyPosition":"","_EventDateTimeSeparator":"","_EventTimeRangeSeparator":"","_EventOrganizerID":[],"_EventVenueID":[],"_OrganizerEmail":"","_OrganizerPhone":"","_OrganizerWebsite":"","_VenueAddress":"","_VenueCity":"","_VenueCountry":"","_VenueProvince":"","_VenueState":"","_VenueZip":"","_VenuePhone":"","_VenueURL":"","_VenueStateProvince":"","_VenueLat":"","_VenueLng":"","_VenueShowMap":false,"_VenueShowMapLink":false,"_price":"","_stock":"","_tribe_ticket_header":"","_tribe_default_ticket_provider":"","_tribe_ticket_capacity":"0","_ticket_start_date":"","_ticket_end_date":"","_tribe_ticket_show_description":"","_tribe_ticket_show_not_going":false,"_tribe_ticket_use_global_stock":"","_tribe_ticket_global_stock_level":"","_global_stock_mode":"","_global_stock_cap":"","_tribe_rsvp_for_event":"","_tribe_ticket_going_count":"","_tribe_ticket_not_going_count":"","_tribe_tickets_list":"[]","_tribe_ticket_has_attendee_info_fields":false,"_themeisle_gutenberg_block_has_review":false,"jetpack_post_was_ever_published":false,"footnotes":"","_tec_slr_enabled":"","_tec_slr_layout":""},"class_list":["post-15","page","type-page","status-publish","hentry"],"yoast_head":"<!-- This site is optimized with the Yoast SEO plugin v27.4 - https:\/\/yoast.com\/product\/yoast-seo-wordpress\/ -->\n<title>Dom Rekolekcyjny - CADR Krak\u00f3w<\/title>\n<meta name=\"robots\" content=\"index, follow, max-snippet:-1, max-image-preview:large, max-video-preview:-1\" \/>\n<link rel=\"canonical\" href=\"https:\/\/cadr.redemptor.pl\/krakow\/dom-rekolekcyjny\/\" \/>\n<meta property=\"og:locale\" content=\"pl_PL\" \/>\n<meta property=\"og:type\" content=\"article\" \/>\n<meta property=\"og:title\" content=\"Dom Rekolekcyjny - CADR Krak\u00f3w\" \/>\n<meta property=\"og:description\" content=\"Dom rekolekcyjny znajduje si\u0119 na terenie Sanktuarium Matki Bo\u017cej Nieustaj\u0105cej Pomocy w Krakowie &#8211; Podg\u00f3rzu. Blisko\u015b\u0107 sanktuarium maryjnego stanowi duchowe \u017ar\u00f3d\u0142o tego miejsca. W o\u015brodku prowadzone s\u0105 rekolekcje organizowane przez &hellip; Czytaj dalej \u201eDom Rekolekcyjny\u201d\" \/>\n<meta property=\"og:url\" content=\"https:\/\/cadr.redemptor.pl\/krakow\/dom-rekolekcyjny\/\" \/>\n<meta property=\"og:site_name\" content=\"CADR Krak\u00f3w\" \/>\n<meta name=\"twitter:card\" content=\"summary_large_image\" \/>\n<meta name=\"twitter:label1\" content=\"Szacowany czas czytania\" \/>\n\t<meta name=\"twitter:data1\" content=\"2 minuty\" \/>\n<script type=\"application\/ld+json\" class=\"yoast-schema-graph\">{\"@context\":\"https:\\\/\\\/schema.org\",\"@graph\":[{\"@type\":\"WebPage\",\"@id\":\"https:\\\/\\\/cadr.redemptor.pl\\\/krakow\\\/dom-rekolekcyjny\\\/\",\"url\":\"https:\\\/\\\/cadr.redemptor.pl\\\/krakow\\\/dom-rekolekcyjny\\\/\",\"name\":\"Dom Rekolekcyjny - CADR Krak\u00f3w\",\"isPartOf\":{\"@id\":\"https:\\\/\\\/cadr.redemptor.pl\\\/krakow\\\/#website\"},\"datePublished\":\"2016-08-29T20:51:43+00:00\",\"breadcrumb\":{\"@id\":\"https:\\\/\\\/cadr.redemptor.pl\\\/krakow\\\/dom-rekolekcyjny\\\/#breadcrumb\"},\"inLanguage\":\"pl-PL\",\"potentialAction\":[{\"@type\":\"ReadAction\",\"target\":[\"https:\\\/\\\/cadr.redemptor.pl\\\/krakow\\\/dom-rekolekcyjny\\\/\"]}]},{\"@type\":\"BreadcrumbList\",\"@id\":\"https:\\\/\\\/cadr.redemptor.pl\\\/krakow\\\/dom-rekolekcyjny\\\/#breadcrumb\",\"itemListElement\":[{\"@type\":\"ListItem\",\"position\":1,\"name\":\"Strona g\u0142\u00f3wna\",\"item\":\"https:\\\/\\\/cadr.redemptor.pl\\\/krakow\\\/\"},{\"@type\":\"ListItem\",\"position\":2,\"name\":\"Dom Rekolekcyjny\"}]},{\"@type\":\"WebSite\",\"@id\":\"https:\\\/\\\/cadr.redemptor.pl\\\/krakow\\\/#website\",\"url\":\"https:\\\/\\\/cadr.redemptor.pl\\\/krakow\\\/\",\"name\":\"CADR Krak\u00f3w\",\"description\":\"Dom Rekolekcyjny Matki Bo\u017cej Nieustaj\u0105cej Pomocy\",\"potentialAction\":[{\"@type\":\"SearchAction\",\"target\":{\"@type\":\"EntryPoint\",\"urlTemplate\":\"https:\\\/\\\/cadr.redemptor.pl\\\/krakow\\\/?s={search_term_string}\"},\"query-input\":{\"@type\":\"PropertyValueSpecification\",\"valueRequired\":true,\"valueName\":\"search_term_string\"}}],\"inLanguage\":\"pl-PL\"}]}<\/script>\n<!-- \/ Yoast SEO plugin. -->","yoast_head_json":{"title":"Dom Rekolekcyjny - CADR Krak\u00f3w","robots":{"index":"index","follow":"follow","max-snippet":"max-snippet:-1","max-image-preview":"max-image-preview:large","max-video-preview":"max-video-preview:-1"},"canonical":"https:\/\/cadr.redemptor.pl\/krakow\/dom-rekolekcyjny\/","og_locale":"pl_PL","og_type":"article","og_title":"Dom Rekolekcyjny - CADR Krak\u00f3w","og_description":"Dom rekolekcyjny znajduje si\u0119 na terenie Sanktuarium Matki Bo\u017cej Nieustaj\u0105cej Pomocy w Krakowie &#8211; Podg\u00f3rzu. Blisko\u015b\u0107 sanktuarium maryjnego stanowi duchowe \u017ar\u00f3d\u0142o tego miejsca. W o\u015brodku prowadzone s\u0105 rekolekcje organizowane przez &hellip; Czytaj dalej \u201eDom Rekolekcyjny\u201d","og_url":"https:\/\/cadr.redemptor.pl\/krakow\/dom-rekolekcyjny\/","og_site_name":"CADR Krak\u00f3w","twitter_card":"summary_large_image","twitter_misc":{"Szacowany czas czytania":"2 minuty"},"schema":{"@context":"https:\/\/schema.org","@graph":[{"@type":"WebPage","@id":"https:\/\/cadr.redemptor.pl\/krakow\/dom-rekolekcyjny\/","url":"https:\/\/cadr.redemptor.pl\/krakow\/dom-rekolekcyjny\/","name":"Dom Rekolekcyjny - CADR Krak\u00f3w","isPartOf":{"@id":"https:\/\/cadr.redemptor.pl\/krakow\/#website"},"datePublished":"2016-08-29T20:51:43+00:00","breadcrumb":{"@id":"https:\/\/cadr.redemptor.pl\/krakow\/dom-rekolekcyjny\/#breadcrumb"},"inLanguage":"pl-PL","potentialAction":[{"@type":"ReadAction","target":["https:\/\/cadr.redemptor.pl\/krakow\/dom-rekolekcyjny\/"]}]},{"@type":"BreadcrumbList","@id":"https:\/\/cadr.redemptor.pl\/krakow\/dom-rekolekcyjny\/#breadcrumb","itemListElement":[{"@type":"ListItem","position":1,"name":"Strona g\u0142\u00f3wna","item":"https:\/\/cadr.redemptor.pl\/krakow\/"},{"@type":"ListItem","position":2,"name":"Dom Rekolekcyjny"}]},{"@type":"WebSite","@id":"https:\/\/cadr.redemptor.pl\/krakow\/#website","url":"https:\/\/cadr.redemptor.pl\/krakow\/","name":"CADR Krak\u00f3w","description":"Dom Rekolekcyjny Matki Bo\u017cej Nieustaj\u0105cej Pomocy","potentialAction":[{"@type":"SearchAction","target":{"@type":"EntryPoint","urlTemplate":"https:\/\/cadr.redemptor.pl\/krakow\/?s={search_term_string}"},"query-input":{"@type":"PropertyValueSpecification","valueRequired":true,"valueName":"search_term_string"}}],"inLanguage":"pl-PL"}]}},"jetpack_sharing_enabled":true,"jetpack_shortlink":"https:\/\/wp.me\/P7Qs26-f","ticketed":false,"_links":{"self":[{"href":"https:\/\/cadr.redemptor.pl\/krakow\/wp-json\/wp\/v2\/pages\/15","targetHints":{"allow":["GET"]}}],"collection":[{"href":"https:\/\/cadr.redemptor.pl\/krakow\/wp-json\/wp\/v2\/pages"}],"about":[{"href":"https:\/\/cadr.redemptor.pl\/krakow\/wp-json\/wp\/v2\/types\/page"}],"author":[{"embeddable":true,"href":"https:\/\/cadr.redemptor.pl\/krakow\/wp-json\/wp\/v2\/users\/1"}],"replies":[{"embeddable":true,"href":"https:\/\/cadr.redemptor.pl\/krakow\/wp-json\/wp\/v2\/comments?post=15"}],"version-history":[{"count":1,"href":"https:\/\/cadr.redemptor.pl\/krakow\/wp-json\/wp\/v2\/pages\/15\/revisions"}],"predecessor-version":[{"id":16,"href":"https:\/\/cadr.redemptor.pl\/krakow\/wp-json\/wp\/v2\/pages\/15\/revisions\/16"}],"wp:attachment":[{"href":"https:\/\/cadr.redemptor.pl\/krakow\/wp-json\/wp\/v2\/media?parent=15"}],"curies":[{"name":"wp","href":"https:\/\/api.w.org\/{rel}","templated":true}]}}

<p class="p1">Dom rekolekcyjny znajduje się na terenie Sanktuarium Matki Bożej Nieustającej Pomocy w Krakowie &#8211; Podgórzu. Bliskość sanktuarium maryjnego stanowi duchowe źródło tego miejsca.</p>
<p class="p1">W ośrodku prowadzone są rekolekcje organizowane przez Centrum Apostolstwa i Duchowości Redemptorystów. Przyjmujemy także zorganizowane grupy. Zapewniamy opiekę duszpasterską dla grup, które nie mają własnego kapłana.</p>
<p class="p1">Zapraszamy również osoby indywidualne: księży, siostry zakonne i osoby świeckie, które chcą przeżyć dni odnowy duchowej. Zapewniamy towarzyszenie duchowe w czasie rekolekcji indywidualnych.</p>
<p class="p1">Służymy także posługą stałego kierownictwa duchowego.</p>
<p class="p1">Na terenie domu rekolekcyjnego do dyspozycji gości jest osobna kaplica, ogród wewnętrzny, wiata, boisko sportowe do piłki siatkowej, wewnętrzny parking dla samochodów.</p>
<p class="p1">W bezpośrednim sąsiedztwie domu rekolekcyjnego usytuowany jest Park im. Wojciecha Bednadskiego, gdzie można odnaleźć oazę spokoju w sercu miasta. Ze względu na swoje malownicze położenie na Krzemionkach Podgórskich, uważany jest on za jeden z najbardziej malowniczych parków Krakowa.</p>
<p class="p1">W odległości kilkuset metrów przepływa Wisła. Od strony domu rekolekcyjnego, na nadbrzeżu znajdują się Bulwary Wołyński i Podolski, natomiast na lewym brzegu rzeki są Bulwary Inflandzki i Kurlandzki.</p>
<p class="p1">Dom rekolekcyjny położony jest w odległości 2 km od Sanktuarium Miłosierdzia Bożego w Łagiewenikach.</p>
<p class="p1"><strong>Dojazd:</strong></p>
<p class="p1">Z dworca PKP/PKS tramwajem nr 10 i 19 (kierunek Łagiewniki). Należy wysiąść na przystanku &#8222;Smolki&#8221;. Z przystanku do domu rekolekcyjnego jest ok. 300 metrów. Punktem orientacyjnym jest wieża Sanktuarium Matki Bożej Nieustającej Pomocy.</p>
<p class="p1">Do domu rekolekcyjnego można także dojechać liniami tramwajowymi: 8, 23.</p>
<p class="p1">Jadąc samochodem należy kierować się na Rondo Mateczny. Na rondzie trzeba skręcić w ulicę Kalwaryjską, później skręcić w ul. Smolki.</p>

<p>Dom rekolekcyjny znajduje się na terenie Sanktuarium Matki Bożej Nieustającej Pomocy w Krakowie &#8211; Podgórzu. Bliskość sanktuarium maryjnego stanowi duchowe źródło tego miejsca. W ośrodku prowadzone są rekolekcje organizowane przez &hellip; <a href="https://cadr.redemptor.pl/krakow/dom-rekolekcyjny/" class="more-link">Czytaj dalej<span class="screen-reader-text"> „Dom Rekolekcyjny”</span></a></p>

<!-- This site is optimized with the Yoast SEO plugin v27.4 - https://yoast.com/product/yoast-seo-wordpress/ -->
<title>Dom Rekolekcyjny - CADR Kraków</title>
<meta name="robots" content="index, follow, max-snippet:-1, max-image-preview:large, max-video-preview:-1" />
<link rel="canonical" href="https://cadr.redemptor.pl/krakow/dom-rekolekcyjny/" />
<meta property="og:locale" content="pl_PL" />
<meta property="og:type" content="article" />
<meta property="og:title" content="Dom Rekolekcyjny - CADR Kraków" />
<meta property="og:description" content="Dom rekolekcyjny znajduje się na terenie Sanktuarium Matki Bożej Nieustającej Pomocy w Krakowie &#8211; Podgórzu. Bliskość sanktuarium maryjnego stanowi duchowe źródło tego miejsca. W ośrodku prowadzone są rekolekcje organizowane przez &hellip; Czytaj dalej „Dom Rekolekcyjny”" />
<meta property="og:url" content="https://cadr.redemptor.pl/krakow/dom-rekolekcyjny/" />
<meta property="og:site_name" content="CADR Kraków" />
<meta name="twitter:card" content="summary_large_image" />
<meta name="twitter:label1" content="Szacowany czas czytania" />
	<meta name="twitter:data1" content="2 minuty" />
<script type="application/ld+json" class="yoast-schema-graph">{"@context":"https:\/\/schema.org","@graph":[{"@type":"WebPage","@id":"https:\/\/cadr.redemptor.pl\/krakow\/dom-rekolekcyjny\/","url":"https:\/\/cadr.redemptor.pl\/krakow\/dom-rekolekcyjny\/","name":"Dom Rekolekcyjny - CADR Kraków","isPartOf":{"@id":"https:\/\/cadr.redemptor.pl\/krakow\/#website"},"datePublished":"2016-08-29T20:51:43+00:00","breadcrumb":{"@id":"https:\/\/cadr.redemptor.pl\/krakow\/dom-rekolekcyjny\/#breadcrumb"},"inLanguage":"pl-PL","potentialAction":[{"@type":"ReadAction","target":["https:\/\/cadr.redemptor.pl\/krakow\/dom-rekolekcyjny\/"]}]},{"@type":"BreadcrumbList","@id":"https:\/\/cadr.redemptor.pl\/krakow\/dom-rekolekcyjny\/#breadcrumb","itemListElement":[{"@type":"ListItem","position":1,"name":"Strona główna","item":"https:\/\/cadr.redemptor.pl\/krakow\/"},{"@type":"ListItem","position":2,"name":"Dom Rekolekcyjny"}]},{"@type":"WebSite","@id":"https:\/\/cadr.redemptor.pl\/krakow\/#website","url":"https:\/\/cadr.redemptor.pl\/krakow\/","name":"CADR Kraków","description":"Dom Rekolekcyjny Matki Bożej Nieustającej Pomocy","potentialAction":[{"@type":"SearchAction","target":{"@type":"EntryPoint","urlTemplate":"https:\/\/cadr.redemptor.pl\/krakow\/?s={search_term_string}"},"query-input":{"@type":"PropertyValueSpecification","valueRequired":true,"valueName":"search_term_string"}}],"inLanguage":"pl-PL"}]}</script>
<!-- / Yoast SEO plugin. -->

Dom Rekolekcyjny - CADR Kraków

Dom rekolekcyjny znajduje się na terenie Sanktuarium Matki Bożej Nieustającej Pomocy w Krakowie &#8211; Podgórzu. Bliskość sanktuarium maryjnego stanowi duchowe źródło tego miejsca. W ośrodku prowadzone są rekolekcje organizowane przez &hellip; Czytaj dalej „Dom Rekolekcyjny”

CADR Kraków

Strona główna

Dom Rekolekcyjny Matki Bożej Nieustającej Pomocy
