{"id":639,"date":"2019-12-04T22:26:09","date_gmt":"2019-12-04T21:26:09","guid":{"rendered":"https:\/\/cadr.redemptor.pl\/krakow\/?page_id=639"},"modified":"2019-12-04T22:26:55","modified_gmt":"2019-12-04T21:26:55","slug":"rodo-cadr-krakow","status":"publish","type":"page","link":"https:\/\/cadr.redemptor.pl\/krakow\/rodo-cadr-krakow\/","title":{"rendered":"RODO CADR Krak\u00f3w"},"content":{"rendered":"<h3>Klauzula informacyjna dotycz\u0105ca przetwarzania danych<\/h3>\n<p>Administratorem danych jest Centrum Apostolstwa i Duchowo\u015bci Redemptoryst\u00f3w w Krakowie: ul. Zamoyskiego 56, 30-523 Krak\u00f3w.<\/p>\n<p>Zebrane dane b\u0119d\u0105 przetwarzane do momentu wyga\u015bni\u0119cia podstawy prawnej przetwarzania z wy\u0142\u0105czeniem cel\u00f3w statystycznych, archiwalnych i zabezpieczenia przysz\u0142ych roszcze\u0144 administratora danych.<\/p>\n<p>Dost\u0119p do danych mog\u0105 mie\u0107 podmioty zewn\u0119trzne \u015bwiadcz\u0105ce us\u0142ugi na rzecz administratora danych w zakresie niezb\u0119dnym do ich realizacji oraz podmioty uprawnione do dost\u0119pu do danych na podstawie przepis\u00f3w prawa. Podanie danych osobowych jest dobrowolne ale niezb\u0119dne do udzia\u0142u w rekolekcjach.<\/p>\n<p>Przys\u0142uguj\u0105 Pani\/Panu nast\u0119puj\u0105ce uprawnienia:<\/p>\n<ul>\n<li>prawo dost\u0119pu do tre\u015bci swoich danych oraz ich sprostowania<\/li>\n<li>prawo odwo\u0142ania zgody na przetwarzanie danych w ka\u017cdym czasie, jednak\u017ce wycofanie zgody nie wp\u0142ywa na zgodno\u015b\u0107 z prawem przetwarzania, kt\u00f3rego dokonano na podstawie zgody przed jej wycofaniem<\/li>\n<li>prawo do wniesienia skargi do organu nadzorczego.<\/li>\n<\/ul>\n<p>Kontakt do Inspektora Ochrony Danych: <a href=\"mailto:cadr@redemptor.pl\">cadr@redemptor.pl<\/a><\/p>\n","protected":false},"excerpt":{"rendered":"<p>Klauzula informacyjna dotycz\u0105ca przetwarzania danych Administratorem danych jest Centrum Apostolstwa i Duchowo\u015bci Redemptoryst\u00f3w w Krakowie: ul. Zamoyskiego 56, 30-523 Krak\u00f3w. Zebrane dane b\u0119d\u0105 przetwarzane do momentu wyga\u015bni\u0119cia podstawy prawnej przetwarzania &hellip; <a href=\"https:\/\/cadr.redemptor.pl\/krakow\/rodo-cadr-krakow\/\" class=\"more-link\">Czytaj dalej<span class=\"screen-reader-text\"> \u201eRODO CADR Krak\u00f3w\u201d<\/span><\/a><\/p>\n","protected":false},"author":1,"featured_media":0,"parent":0,"menu_order":0,"comment_status":"closed","ping_status":"closed","template":"","meta":{"_EventAllDay":false,"_EventTimezone":"","_EventStartDate":"","_EventEndDate":"","_EventStartDateUTC":"","_EventEndDateUTC":"","_EventShowMap":false,"_EventShowMapLink":false,"_EventURL":"","_EventCost":"","_EventCostDescription":"","_EventCurrencySymbol":"","_EventCurrencyCode":"","_EventCurrencyPosition":"","_EventDateTimeSeparator":"","_EventTimeRangeSeparator":"","_EventOrganizerID":[],"_EventVenueID":[],"_OrganizerEmail":"","_OrganizerPhone":"","_OrganizerWebsite":"","_VenueAddress":"","_VenueCity":"","_VenueCountry":"","_VenueProvince":"","_VenueState":"","_VenueZip":"","_VenuePhone":"","_VenueURL":"","_VenueStateProvince":"","_VenueLat":"","_VenueLng":"","_VenueShowMap":false,"_VenueShowMapLink":false,"_price":"","_stock":"","_tribe_ticket_header":"","_tribe_default_ticket_provider":"","_tribe_ticket_capacity":"0","_ticket_start_date":"","_ticket_end_date":"","_tribe_ticket_show_description":"","_tribe_ticket_show_not_going":false,"_tribe_ticket_use_global_stock":"","_tribe_ticket_global_stock_level":"","_global_stock_mode":"","_global_stock_cap":"","_tribe_rsvp_for_event":"","_tribe_ticket_going_count":"","_tribe_ticket_not_going_count":"","_tribe_tickets_list":"[]","_tribe_ticket_has_attendee_info_fields":false,"_themeisle_gutenberg_block_has_review":false,"jetpack_post_was_ever_published":false,"footnotes":"","_tec_slr_enabled":"","_tec_slr_layout":""},"class_list":["post-639","page","type-page","status-publish","hentry"],"yoast_head":"<!-- This site is optimized with the Yoast SEO plugin v27.4 - https:\/\/yoast.com\/product\/yoast-seo-wordpress\/ -->\n<title>RODO CADR Krak\u00f3w - CADR Krak\u00f3w<\/title>\n<meta name=\"robots\" content=\"index, follow, max-snippet:-1, max-image-preview:large, max-video-preview:-1\" \/>\n<link rel=\"canonical\" href=\"https:\/\/cadr.redemptor.pl\/krakow\/rodo-cadr-krakow\/\" \/>\n<meta property=\"og:locale\" content=\"pl_PL\" \/>\n<meta property=\"og:type\" content=\"article\" \/>\n<meta property=\"og:title\" content=\"RODO CADR Krak\u00f3w - CADR Krak\u00f3w\" \/>\n<meta property=\"og:description\" content=\"Klauzula informacyjna dotycz\u0105ca przetwarzania danych Administratorem danych jest Centrum Apostolstwa i Duchowo\u015bci Redemptoryst\u00f3w w Krakowie: ul. Zamoyskiego 56, 30-523 Krak\u00f3w. Zebrane dane b\u0119d\u0105 przetwarzane do momentu wyga\u015bni\u0119cia podstawy prawnej przetwarzania &hellip; Czytaj dalej \u201eRODO CADR Krak\u00f3w\u201d\" \/>\n<meta property=\"og:url\" content=\"https:\/\/cadr.redemptor.pl\/krakow\/rodo-cadr-krakow\/\" \/>\n<meta property=\"og:site_name\" content=\"CADR Krak\u00f3w\" \/>\n<meta property=\"article:modified_time\" content=\"2019-12-04T21:26:55+00:00\" \/>\n<meta name=\"twitter:card\" content=\"summary_large_image\" \/>\n<meta name=\"twitter:label1\" content=\"Szacowany czas czytania\" \/>\n\t<meta name=\"twitter:data1\" content=\"1 minuta\" \/>\n<script type=\"application\/ld+json\" class=\"yoast-schema-graph\">{\"@context\":\"https:\\\/\\\/schema.org\",\"@graph\":[{\"@type\":\"WebPage\",\"@id\":\"https:\\\/\\\/cadr.redemptor.pl\\\/krakow\\\/rodo-cadr-krakow\\\/\",\"url\":\"https:\\\/\\\/cadr.redemptor.pl\\\/krakow\\\/rodo-cadr-krakow\\\/\",\"name\":\"RODO CADR Krak\u00f3w - CADR Krak\u00f3w\",\"isPartOf\":{\"@id\":\"https:\\\/\\\/cadr.redemptor.pl\\\/krakow\\\/#website\"},\"datePublished\":\"2019-12-04T21:26:09+00:00\",\"dateModified\":\"2019-12-04T21:26:55+00:00\",\"breadcrumb\":{\"@id\":\"https:\\\/\\\/cadr.redemptor.pl\\\/krakow\\\/rodo-cadr-krakow\\\/#breadcrumb\"},\"inLanguage\":\"pl-PL\",\"potentialAction\":[{\"@type\":\"ReadAction\",\"target\":[\"https:\\\/\\\/cadr.redemptor.pl\\\/krakow\\\/rodo-cadr-krakow\\\/\"]}]},{\"@type\":\"BreadcrumbList\",\"@id\":\"https:\\\/\\\/cadr.redemptor.pl\\\/krakow\\\/rodo-cadr-krakow\\\/#breadcrumb\",\"itemListElement\":[{\"@type\":\"ListItem\",\"position\":1,\"name\":\"Strona g\u0142\u00f3wna\",\"item\":\"https:\\\/\\\/cadr.redemptor.pl\\\/krakow\\\/\"},{\"@type\":\"ListItem\",\"position\":2,\"name\":\"RODO CADR Krak\u00f3w\"}]},{\"@type\":\"WebSite\",\"@id\":\"https:\\\/\\\/cadr.redemptor.pl\\\/krakow\\\/#website\",\"url\":\"https:\\\/\\\/cadr.redemptor.pl\\\/krakow\\\/\",\"name\":\"CADR Krak\u00f3w\",\"description\":\"Dom Rekolekcyjny Matki Bo\u017cej Nieustaj\u0105cej Pomocy\",\"potentialAction\":[{\"@type\":\"SearchAction\",\"target\":{\"@type\":\"EntryPoint\",\"urlTemplate\":\"https:\\\/\\\/cadr.redemptor.pl\\\/krakow\\\/?s={search_term_string}\"},\"query-input\":{\"@type\":\"PropertyValueSpecification\",\"valueRequired\":true,\"valueName\":\"search_term_string\"}}],\"inLanguage\":\"pl-PL\"}]}<\/script>\n<!-- \/ Yoast SEO plugin. -->","yoast_head_json":{"title":"RODO CADR Krak\u00f3w - CADR Krak\u00f3w","robots":{"index":"index","follow":"follow","max-snippet":"max-snippet:-1","max-image-preview":"max-image-preview:large","max-video-preview":"max-video-preview:-1"},"canonical":"https:\/\/cadr.redemptor.pl\/krakow\/rodo-cadr-krakow\/","og_locale":"pl_PL","og_type":"article","og_title":"RODO CADR Krak\u00f3w - CADR Krak\u00f3w","og_description":"Klauzula informacyjna dotycz\u0105ca przetwarzania danych Administratorem danych jest Centrum Apostolstwa i Duchowo\u015bci Redemptoryst\u00f3w w Krakowie: ul. Zamoyskiego 56, 30-523 Krak\u00f3w. Zebrane dane b\u0119d\u0105 przetwarzane do momentu wyga\u015bni\u0119cia podstawy prawnej przetwarzania &hellip; Czytaj dalej \u201eRODO CADR Krak\u00f3w\u201d","og_url":"https:\/\/cadr.redemptor.pl\/krakow\/rodo-cadr-krakow\/","og_site_name":"CADR Krak\u00f3w","article_modified_time":"2019-12-04T21:26:55+00:00","twitter_card":"summary_large_image","twitter_misc":{"Szacowany czas czytania":"1 minuta"},"schema":{"@context":"https:\/\/schema.org","@graph":[{"@type":"WebPage","@id":"https:\/\/cadr.redemptor.pl\/krakow\/rodo-cadr-krakow\/","url":"https:\/\/cadr.redemptor.pl\/krakow\/rodo-cadr-krakow\/","name":"RODO CADR Krak\u00f3w - CADR Krak\u00f3w","isPartOf":{"@id":"https:\/\/cadr.redemptor.pl\/krakow\/#website"},"datePublished":"2019-12-04T21:26:09+00:00","dateModified":"2019-12-04T21:26:55+00:00","breadcrumb":{"@id":"https:\/\/cadr.redemptor.pl\/krakow\/rodo-cadr-krakow\/#breadcrumb"},"inLanguage":"pl-PL","potentialAction":[{"@type":"ReadAction","target":["https:\/\/cadr.redemptor.pl\/krakow\/rodo-cadr-krakow\/"]}]},{"@type":"BreadcrumbList","@id":"https:\/\/cadr.redemptor.pl\/krakow\/rodo-cadr-krakow\/#breadcrumb","itemListElement":[{"@type":"ListItem","position":1,"name":"Strona g\u0142\u00f3wna","item":"https:\/\/cadr.redemptor.pl\/krakow\/"},{"@type":"ListItem","position":2,"name":"RODO CADR Krak\u00f3w"}]},{"@type":"WebSite","@id":"https:\/\/cadr.redemptor.pl\/krakow\/#website","url":"https:\/\/cadr.redemptor.pl\/krakow\/","name":"CADR Krak\u00f3w","description":"Dom Rekolekcyjny Matki Bo\u017cej Nieustaj\u0105cej Pomocy","potentialAction":[{"@type":"SearchAction","target":{"@type":"EntryPoint","urlTemplate":"https:\/\/cadr.redemptor.pl\/krakow\/?s={search_term_string}"},"query-input":{"@type":"PropertyValueSpecification","valueRequired":true,"valueName":"search_term_string"}}],"inLanguage":"pl-PL"}]}},"jetpack_sharing_enabled":true,"jetpack_shortlink":"https:\/\/wp.me\/P7Qs26-aj","ticketed":false,"_links":{"self":[{"href":"https:\/\/cadr.redemptor.pl\/krakow\/wp-json\/wp\/v2\/pages\/639","targetHints":{"allow":["GET"]}}],"collection":[{"href":"https:\/\/cadr.redemptor.pl\/krakow\/wp-json\/wp\/v2\/pages"}],"about":[{"href":"https:\/\/cadr.redemptor.pl\/krakow\/wp-json\/wp\/v2\/types\/page"}],"author":[{"embeddable":true,"href":"https:\/\/cadr.redemptor.pl\/krakow\/wp-json\/wp\/v2\/users\/1"}],"replies":[{"embeddable":true,"href":"https:\/\/cadr.redemptor.pl\/krakow\/wp-json\/wp\/v2\/comments?post=639"}],"version-history":[{"count":1,"href":"https:\/\/cadr.redemptor.pl\/krakow\/wp-json\/wp\/v2\/pages\/639\/revisions"}],"predecessor-version":[{"id":640,"href":"https:\/\/cadr.redemptor.pl\/krakow\/wp-json\/wp\/v2\/pages\/639\/revisions\/640"}],"wp:attachment":[{"href":"https:\/\/cadr.redemptor.pl\/krakow\/wp-json\/wp\/v2\/media?parent=639"}],"curies":[{"name":"wp","href":"https:\/\/api.w.org\/{rel}","templated":true}]}}